{"id":1024,"date":"2025-04-09T13:18:57","date_gmt":"2025-04-09T11:18:57","guid":{"rendered":"https:\/\/techzolo.hu\/?post_type=product&#038;p=1024"},"modified":"2025-04-15T17:05:08","modified_gmt":"2025-04-15T15:05:08","slug":"lenovo-tabletlaptop-120gb-4gb","status":"publish","type":"product","link":"https:\/\/techzolo.hu\/?product=lenovo-tabletlaptop-120gb-4gb","title":{"rendered":"Lenovo 20L4 Tablet &#038; Laptop"},"content":{"rendered":"<div class=\"ovDescHeader\"><strong>Lenovo Tablet 10 20L4<\/strong><\/div>\n<p>Tablet<\/p>\n<p>Billenty\u0171zet dokkol\u00f3val<\/p>\n<p>Intel Celeron<\/p>\n<p>N4100 \/ 2,4 GHz-ig<\/p>\n<p>Win 10 Pro 64 bites<\/p>\n<p>UHD Graphics 600<\/p>\n<p>4 GB RAM<\/p>\n<p>64 GB eMMC<\/p>\n<p>10,1&#8243; IPS \u00e9rint\u0151k\u00e9perny\u0151 1920&#215;1200<\/p>\n<p>Wi-Fi 5<\/p>\n<p>Fekete<\/p>\n<p><strong>M\u00c9RETEI:<\/strong><\/p>\n<p>Sz\u00e9less\u00e9ge: 260mm<\/p>\n<p>M\u00e9lys\u00e9g: 185mm<\/p>\n<p>Vastags\u00e1g: 18mm<\/p>\n<p>S\u00faly: 1.2 Kg<\/p>\n","protected":false},"excerpt":{"rendered":"<p>Lenovo Tablet 10 20L4 Tablet Billenty\u0171zet dokkol\u00f3val Intel Celeron N4100 \/ 2,4 GHz-ig Win 10 Pro 64 bites UHD Graphics 600 4 GB RAM 64 GB eMMC 10,1&#8243; IPS \u00e9rint\u0151k\u00e9perny\u0151&hellip;<\/p>\n","protected":false},"featured_media":1137,"comment_status":"open","ping_status":"closed","template":"","meta":[],"product_brand":[342],"product_cat":[21,61],"product_tag":[381,126,124,120],"class_list":{"0":"post-1024","1":"product","2":"type-product","3":"status-publish","4":"has-post-thumbnail","6":"product_brand-lenovo","7":"product_cat-laptop","8":"product_cat-tablet","9":"product_tag-20l4","10":"product_tag-laptop","11":"product_tag-lenovo","12":"product_tag-tablet","14":"first","15":"instock","16":"shipping-taxable","17":"purchasable","18":"product-type-simple"},"aioseo_notices":[],"jetpack_sharing_enabled":true,"_links":{"self":[{"href":"https:\/\/techzolo.hu\/index.php?rest_route=\/wp\/v2\/product\/1024","targetHints":{"allow":["GET"]}}],"collection":[{"href":"https:\/\/techzolo.hu\/index.php?rest_route=\/wp\/v2\/product"}],"about":[{"href":"https:\/\/techzolo.hu\/index.php?rest_route=\/wp\/v2\/types\/product"}],"replies":[{"embeddable":true,"href":"https:\/\/techzolo.hu\/index.php?rest_route=%2Fwp%2Fv2%2Fcomments&post=1024"}],"wp:featuredmedia":[{"embeddable":true,"href":"https:\/\/techzolo.hu\/index.php?rest_route=\/wp\/v2\/media\/1137"}],"wp:attachment":[{"href":"https:\/\/techzolo.hu\/index.php?rest_route=%2Fwp%2Fv2%2Fmedia&parent=1024"}],"wp:term":[{"taxonomy":"product_brand","embeddable":true,"href":"https:\/\/techzolo.hu\/index.php?rest_route=%2Fwp%2Fv2%2Fproduct_brand&post=1024"},{"taxonomy":"product_cat","embeddable":true,"href":"https:\/\/techzolo.hu\/index.php?rest_route=%2Fwp%2Fv2%2Fproduct_cat&post=1024"},{"taxonomy":"product_tag","embeddable":true,"href":"https:\/\/techzolo.hu\/index.php?rest_route=%2Fwp%2Fv2%2Fproduct_tag&post=1024"}],"curies":[{"name":"wp","href":"https:\/\/api.w.org\/{rel}","templated":true}]}}