{"id":1371,"date":"2025-08-26T15:22:09","date_gmt":"2025-08-26T13:22:09","guid":{"rendered":"https:\/\/techzolo.hu\/?post_type=product&#038;p=1371"},"modified":"2025-09-11T12:46:19","modified_gmt":"2025-09-11T10:46:19","slug":"lenovo-t14","status":"publish","type":"product","link":"https:\/\/techzolo.hu\/?product=lenovo-t14","title":{"rendered":"Lenovo ThinkPad T14 G1"},"content":{"rendered":"<table>\n<thead>\n<tr>\n<th><strong>Specifik\u00e1ci\u00f3<\/strong><\/th>\n<th><strong>R\u00e9szletek<\/strong><\/th>\n<\/tr>\n<\/thead>\n<tbody>\n<tr>\n<td>CPU<\/td>\n<td>Intel i5-10310U (4 mag, 8 sz\u00e1l, 1,7\u21924,4 GHz)<\/td>\n<\/tr>\n<tr>\n<td>RAM<\/td>\n<td>20 GB DDR4 (max. 48 GB)<\/td>\n<\/tr>\n<tr>\n<td>T\u00e1rhely<\/td>\n<td>240GB PCIe NVMe SSD<\/td>\n<\/tr>\n<tr>\n<td>Kijelz\u0151<\/td>\n<td>14\u2033 FHD IPS<\/td>\n<\/tr>\n<tr>\n<td>GPU<\/td>\n<td>Intel UHD Graphics<\/td>\n<\/tr>\n<tr>\n<td>Portok<\/td>\n<td>USB-A, USB-C, HDMI, Ethernet, SD\/k\u00e1rtyaolvas\u00f3<\/td>\n<\/tr>\n<tr>\n<td>Csatlakoz\u00e1s<\/td>\n<td>Wi-Fi 6, Bluetooth 5, Ethernet<\/td>\n<\/tr>\n<tr>\n<td>Akkumul\u00e1tor<\/td>\n<td>50 Wh, kb. 14\u201317 \u00f3ra \u00fczemid\u0151<\/td>\n<\/tr>\n<tr>\n<td>M\u00e9ret \/ S\u00faly<\/td>\n<td>~329 \u00d7 227 \u00d7 18 mm \/ ~1,5 kg<\/td>\n<\/tr>\n<tr>\n<td>Biztons\u00e1g \u00e9s extra funkci\u00f3k<\/td>\n<td>TPM, MIL-STD-810G, Dolby Audio, Low-light webcam, stb.<\/td>\n<\/tr>\n<\/tbody>\n<\/table>\n","protected":false},"excerpt":{"rendered":"<p>Specifik\u00e1ci\u00f3 R\u00e9szletek CPU Intel i5-10310U (4 mag, 8 sz\u00e1l, 1,7\u21924,4 GHz) RAM 20 GB DDR4 (max. 48 GB) T\u00e1rhely 240GB PCIe NVMe SSD Kijelz\u0151 14\u2033 FHD IPS GPU Intel UHD&hellip;<\/p>\n","protected":false},"featured_media":1368,"comment_status":"open","ping_status":"closed","template":"","meta":[],"product_brand":[342],"product_cat":[21],"product_tag":[124],"class_list":{"0":"post-1371","1":"product","2":"type-product","3":"status-publish","4":"has-post-thumbnail","6":"product_brand-lenovo","7":"product_cat-laptop","8":"product_tag-lenovo","10":"first","11":"instock","12":"purchasable","13":"product-type-simple"},"aioseo_notices":[],"jetpack_sharing_enabled":true,"_links":{"self":[{"href":"https:\/\/techzolo.hu\/index.php?rest_route=\/wp\/v2\/product\/1371","targetHints":{"allow":["GET"]}}],"collection":[{"href":"https:\/\/techzolo.hu\/index.php?rest_route=\/wp\/v2\/product"}],"about":[{"href":"https:\/\/techzolo.hu\/index.php?rest_route=\/wp\/v2\/types\/product"}],"replies":[{"embeddable":true,"href":"https:\/\/techzolo.hu\/index.php?rest_route=%2Fwp%2Fv2%2Fcomments&post=1371"}],"wp:featuredmedia":[{"embeddable":true,"href":"https:\/\/techzolo.hu\/index.php?rest_route=\/wp\/v2\/media\/1368"}],"wp:attachment":[{"href":"https:\/\/techzolo.hu\/index.php?rest_route=%2Fwp%2Fv2%2Fmedia&parent=1371"}],"wp:term":[{"taxonomy":"product_brand","embeddable":true,"href":"https:\/\/techzolo.hu\/index.php?rest_route=%2Fwp%2Fv2%2Fproduct_brand&post=1371"},{"taxonomy":"product_cat","embeddable":true,"href":"https:\/\/techzolo.hu\/index.php?rest_route=%2Fwp%2Fv2%2Fproduct_cat&post=1371"},{"taxonomy":"product_tag","embeddable":true,"href":"https:\/\/techzolo.hu\/index.php?rest_route=%2Fwp%2Fv2%2Fproduct_tag&post=1371"}],"curies":[{"name":"wp","href":"https:\/\/api.w.org\/{rel}","templated":true}]}}